se -34 = -3*l + 17. List the prime factors of l.
17
Let d = -1 - -2. Let w = -85 + 86. Let y = w + d. List the prime factors of y.
2
Suppose -8 = 5*x + 12. List the prime factors of (-4)/(3*x/18).
2, 3
Let v(f) = -3*f + 13. List the prime factors of v(-8).
37
Let b(p) = 10*p + 41. What are the prime factors of b(12)?
7, 23
Suppose -s = 5*x - 1 + 10, -3*s + 1 = x. Let y(u) = 3*u + 3. Let a be y(x). What are the prime factors of -6*(-1 - 1/a)?
2
Let n(q) = 4*q**3 + 9*q**2 + 3*q - 13. Let r(j) = 5*j**3 + 9*j**2 + 4*j - 13. Let i(o) = -4*n(o) + 3*r(o). What are the prime factors of i(-9)?
13
Let s(a) be the first derivative of -a**4/12 + a**3 - 3*a**2 + a + 3. Let q(d) be the first derivative of s(d). What are the prime factors of q(4)?
2
Suppose u - 4 = r, -5*u - 4*r - 25 = -0*u. Let k = u + 1. Suppose -o - 4*o + 25 = k. What are the prime factors of o?
5
Suppose 0 = 3*j - 4*h - 3, 0 = -5*j - 4*h + h + 34. Suppose -3 = 3*a, -5*s - 5 = -4*a - 49. Let u = j + s. List the prime factors of u.
13
List the prime factors of (-2 - (-110)/(-15))*-9.
2, 3, 7
Suppose 4*b = a - 5, b + 48 = -8*a + 4*a. Let q = a - -28. What are the prime factors of q?
17
Suppose 0*p = -5*p - 20. Let g = -14 + 28. Let n = g + p. What are the prime factors of n?
2, 5
Suppose q = 5 - 3. Suppose q*w - m = 64, 2*m - 89 = -2*w - w. List the prime factors of w.
31
Suppose -7 = -2*o - 2*a + 37, 49 = 2*o + 3*a. Let c = 27 - o. Let v = -5 + c. List the prime factors of v.
5
Let w = 0 - 0. Let z = 1 - w. What are the prime factors of ((-1)/z)/((-4)/20)?
5
What are the prime factors of 92*3/6*1?
2, 23
Let i = -19 - -69. Let j = i - 21. Let a = -13 + j. List the prime factors of a.
2
Let t be (-2)/(0 - -2) - -7. List the prime factors of 38/6 + 4/t.
7
Let w(o) = -19*o + 7. Let v be w(-5). Suppose -v = -2*z + 28. Suppose z = 5*y + 4*g, 40 = 5*y + 2*g - 3*g. List the prime factors of y.
3
Let a be (-129)/(-9) + 2/3. Suppose -3*b = 4*p - 9, 2*p - 17 = 4*b + a. Suppose 0 = -p*x + x + 40. List the prime factors of x.
2
Let f(q) = q**3 - 5*q**2 + 7*q + 2. Let k be f(5). Suppose -z + k = 5*b, -b + 4*b = -z + 23. What are the prime factors of b?
7
Let d(x) = 7*x + 6. What are the prime factors of d(4)?
2, 17
Suppose -5*u + 102 - 27 = 0. What are the prime factors of u?
3, 5
Suppose 3*c - 4*j - 1060 = 0, -6*c = -2*c + j - 1426. What are the prime factors of c?
2, 89
Suppose -9*r + 696 = -r. List the prime factors of r.
3, 29
Suppose 0 = 2*j - 8*y + 3*y - 8, y + 66 = 5*j. Suppose r - 3*n + 12 = 0, -r + j = 3*n - 4. What are the prime factors of r?
3
What are the prime factors of (11/3)/((-11)/(-363))?
11
Let s(v) = 2*v - 2. Suppose b + n + n - 12 = 0, 0 = -4*b + 4*n. What are the prime factors of s(b)?
2, 3
Let d(k) = k**2 - 4. Let f be d(3). Let b(u) = -13*u + 1. Let s be b(-1). Suppose -3*g - 4*w = 8, 3*g - 51 = f*w - s. What are the prime factors of g?
2
Suppose l + 2 = -w, w = 3*l - l + 7. Suppose w = -f - 0*f. List the prime factors of 0 - (f - -1) - -10.
2, 5
Let z be -2 + (-1 - (0 + -2)). Let s = 5 + z. Suppose 4 = s*g - 2*g. What are the prime factors of g?
2
Let y = 214 + -102. What are the prime factors of y?
2, 7
Let y = 521 + -364. List the prime factors of y.
157
Suppose 4*f - 5*y + 0*y = 29, 5*f - 2*y = 49. What are the prime factors of f?
11
Let o(y) = -y + 4. Let m be o(3). Let v = m - -2. What are the prime factors of v?
3
List the prime factors of 2*(-4 - (-273)/6).
83
What are the prime factors of -3*(-1)/(-3)*-26?
2, 13
Suppose -5*y - 20 = -10*y. Suppose 2*g + 5*o - 8 = 45, 0 = -y*g - 4*o + 76. List the prime factors of g.
2, 7
Let y(z) = -z**2 + 7*z + 5. Let b be y(7). Suppose 5*c - 1 = b*x - 26, -5*c + 65 = 5*x. What are the prime factors of x?
3
Suppose 0 = -4*d + 20. Suppose -z + 2 = 4*g - 18, -3*g = -d*z - 15. List the prime factors of g.
5
List the prime factors of (-1)/(-3) + 55/15.
2
Let v(a) = -a - 3. Let z be v(-4). Let c(o) = 13*o**2 + 1. What are the prime factors of c(z)?
2, 7
Suppose 4*u = -25 + 9. Let t be (-2)/u*(-18)/(-3). Suppose t*o - 9 = 21. What are the prime factors of o?
2, 5
Let s(c) = c**3 + 6*c**2 + 3*c + 4. Let m be s(-6). Let u = -4 - m. What are the prime factors of u?
2, 5
Let q(k) = 5*k**3 + 3*k**2 + 9*k + 11. Let o(b) = -14*b**3 - 8*b**2 - 26*b - 32. Let a(p) = -6*o(p) - 17*q(p). List the prime factors of a(-5).
2, 5
Let d = -3 - -5. Suppose -10 = g + d. Let k = g + 20. What are the prime factors of k?
2
Suppose -11 = 5*d + 4. Let v be ((27/d)/(-3))/(-1). List the prime factors of v + 2 + (-1 - -12).
2, 5
Let n = 5 + -5. Let s = n - -4. List the prime factors of s.
2
Let y = 0 + -1. Let z(g) = 2*g**2 + 1. Let d be z(y). Suppose -d*i + 17 = -34. What are the prime factors of i?
17
Let d = 7 + -5. Suppose 5 = -v + 2*l, 4*v - 2*v + l = 10. Suppose v*i = -d*i + 35. List the prime factors of i.
7
Suppose 3*d - 2*d = 5, -2*d - 34 = -2*r. Suppose -4*c = 2*t - r, c = -4*c + 5*t + 35. List the prime factors of c.
2, 3
What are the prime factors of 5/(195/(-6)) + 6207/39?
3, 53
Suppose 117 - 422 = -5*n. Let w = n - 43. What are the prime factors of w?
2, 3
Suppose 4*p + 4*t + 3 = 55, 2*t = -5*p + 68. What are the prime factors of p?
2, 7
Let m(q) be the third derivative of -q**4/12 - q**3/2 - q**2. List the prime factors of m(-9).
3, 5
Let c = 6 + -4. What are the prime factors of (22/(-4))/(-1)*c?
11
Let i(g) be the first derivative of g**4/4 + g**3 - 2*g**2 - 2*g - 2. What are the prime factors of i(-3)?
2, 5
Let v = 9 - 6. Let p(z) = -4*z. Let g be p(-2). Suppose -v*s + g*s = -3*c + 26, -4*s - 8 = 0. List the prime factors of c.
2, 3
Let g(l) = l**3 - 2*l**2. What are the prime factors of g(6)?
2, 3
Suppose -2*y - 2*q + 28 = -6*q, -y - 3*q = -19. Suppose -r = -5*r + y. Suppose -5*h + 17 = -2*i, 2*h = -i - r*i + 30. What are the prime factors of h?
5
Let l be (16/20)/((-4)/20). Let h(x) = -4*x - 1. What are the prime factors of h(l)?
3, 5
Suppose -4*u - 5*t = -7*u + 281, 0 = 3*u - t - 301. List the prime factors of u.
2, 3, 17
Let q(f) = -4*f - 1. Let b be q(-1). Suppose 4*w + b = -5*v + 2*w, 0 = -v + 4*w + 17. List the prime factors of 9*(v + -1 - -1).
3
Suppose 0 = -2*y - 0*y + 4. Suppose y*m - 3 - 5 = 0. What are the prime factors of m?
2
Let x(d) = 2*d**3 + 13*d**2 - 10*d + 12. List the prime factors of x(-7).
3, 11
Let r(f) = -f**2 + 61. What are the prime factors of r(0)?
61
Let s(q) = 31*q**2 + q. List the prime factors of s(-1).
2, 3, 5
Suppose 5*p - 175 = -30. List the prime factors of p.
29
Suppose -55 = -q + 6*q. Suppose -4*j + 26 = -k - 46, -4*j = -5*k - 56. Let b = j + q. What are the prime factors of b?
2
Suppose 0 = -4*v - 12 + 1212. What are the prime factors of v?
2, 3, 5
Let m(c) = -6*c + 5*c + 9*c. List the prime factors of m(4).
2
Suppose -q + 234 = 2*q. Suppose -3*z = -q + 15. What are the prime factors of z?
3, 7
Suppose -g - 4*k - 11 = 0, 0*g = -3*g - 5*k + 2. What are the prime factors of (1*-11)/((-3)/g)?
3, 11
Suppose -3*m = 4*a - 145, -4*m = -0*a - a - 187. List the prime factors of m.
47
Let w(l) = 26*l**3 + l**2 + l - 2. Let f be w(1). Suppose p + o + 4*o = 16, 5*p = 5*o + 80. Let v = f - p. List the prime factors of v.
2, 5
Suppose 4*h = -0*k - 5*k + 64, -h + 3*k - 1 = 0. Suppose -5*c + 9 + h = 0. Suppose -c*l + 44 = -8. What are the prime factors of l?
13
Let o(m) = 2 - m - 2*m + 2*m. Let f(g) = g - 6. Let s be f(3). List the prime factors of o(s).
5
Let m(n) = -n**2 + n + 22. What are the prime factors of m(0)?
2, 11
Let k(l) = 11*l - 48. List the prime factors of k(9).
3, 17
Let r(n) = n**2 - 5*n + 3. Let o be r(5). What are the prime factors of 3 - (3/o + -1)?
3
Suppose 4*x + x = -4*g - 5, 4*x + 8 = -4*g. Suppose 2*t + x*t = 40. Let b = t - -1. What are the prime factors of b?
3
Let l(j) = -j**3 + j**2 + 2. Let f be l(2). Let m be (7/(-3) - -2)*-12. Let w = f + m. What are the prime factors of w?
2
Suppose 3*m = 2*a + 361, 3*m = -4*a + 9*a + 349. What are the prime factors of m?
3, 41
Suppose 5*i + 10 = 3*z - 8*z, -2*i - 3*z - 8 = 0. List the prime factors of i.
2
Let c = 6 - 5. Let y be c/3 - (-12)/18. Let m = 1 + y. List the prime factors of m.
2
Let a(c) = c**3 - 4*c**2 + 2*c + 2. Let g be a(3). Let o(w) = 2*w**3 + 2*w**2 + 2*w + 1. Let x be o(g). List the prime factors of (-16*(2 - 1))/x.
2
Suppose -p + 4*u + 46 